1221
Convert 25562034 (base 7) to base 11.
1354a28
101345304 (base 6) to base 9
3265664
Convert -11020121200012 (base 3) to base 5.
-1034143032
404e71 (base 15) to base 10
3054256
-10211211212000 (base 3) to base 5
-1010402013
-34131241 (base 5) to base 2
-1001001101111110111
Convert 1c869 (base 15) to base 8.
265540
What is 1210012101 (base 3) in base 8?
104501
-21228 (base 14) to base 12
-3a370
121000102200 (base 3) to base 2
1001100111101101011
What is 834e7 (base 15) in base 9?
703871
Convert 5997ab (base 12) to base 7.
15206021
What is -9d0b2 (base 15) in base 9?
-841365
162002 (base 12) to base 5
44023311
147053 (base 10) to base 14
3b83b
What is -3243024 (base 5) in base 16?
-dace
101000001011010101101100 (base 2) to base 6
1013424112
What is 38b8a1 (base 12) in base 7?
10633066
-40243231 (base 6) to base 8
-4264743
What is -33310022021 (base 4) in base 12?
-147b235
Convert 1252336 (base 8) to base 9.
582258
-2266616 (base 9) to base 10
-1225221
What is 5487594 (base 10) in base 11?
3108a02
658308 (base 9) to base 7
3225206
Convert -604436 (base 9) to base 7.
-3016320
What is -3acd94 (base 16) in base 12?
-135a1b0
25135265 (base 8) to base 7
65124661
What is 162961 (base 13) in base 8?
2057455
Convert -20344121 (base 5) to base 4.
-221023111
Convert 43ac0d (base 14) to base 13.
6252b3
What is a86c (base 16) in base 9?
65126
12022 (base 10) to base 15
3867
What is 31333331102 (base 4) in base 9?
6813062
What is 2027723 (base 8) in base 4?
2002333103
133245 (base 10) to base 16
2087d
Convert -4220523 (base 6) to base 11.
-12aaa0
What is 2f816 (base 16) in base 3?
100212220202
Convert 1001011011110000101010101 (base 2) to base 5.
20031042041
-100000010110110101 (base 2) to base 9
-221718
What is 221000101222 (base 3) in base 2?
1111000001101010011
1d5c8 (base 14) to base 7
432241
Convert 1a5661 (base 11) to base 6.
10425525
1690335 (base 10) to base 13
4724ca
What is -cae29 (base 15) in base 7?
-5322555
Convert b27246 (base 12) to base 16.
2a9696
Convert -42da31 (base 15) to base 3.
-12222210220001
Convert 67e8d (base 16) to base 7.
3421566
What is -119764 (base 12) in base 10?
-286204
Convert -222330 (base 5) to base 9.
-11671
Convert -10000010101101000001010 (base 2) to base 16.
-415a0a
Convert 61ba12 (base 12) to base 7.
16016600
What is 39a433 (base 13) in base 14?
283c40
Convert 233220133 (base 4) to base 15.
3cc1d
What is -1737653 (base 11) in base 3?
-12120000200020
What is 14657 (base 12) in base 14?
a5b5
Convert -518566 (base 14) to base 9.
-5152045
What is -667602 (base 9) in base 11?
-252a66
121204 (base 15) to base 3
1121220210211
Convert 12105350 (base 6) to base 9.
642303
What is -1323005 (base 8) in base 11?
-233139
Convert 167883 (base 9) to base 15.
20d46
Convert -223002122 (base 4) to base 15.
-37372
Convert -46292 (base 10) to base 16.
-b4d4
-1323210122 (base 5) to base 15
-45d25c
Convert ab1a8 (base 16) to base 2.
10101011000110101000
What is 11187257 (base 9) in base 16?
52dfe0
Convert 1220220122210 (base 3) to base 13.
29a129
Convert 1111332232 (base 4) to base 10.
352174
What is 30234030 (base 5) in base 12?
b8773
What is 39de2 (base 15) in base 5?
21413022
-31420114 (base 5) to base 9
-441753
Convert -46805a (base 11) to base 5.
-142232023
What is -41511 (base 9) in base 8?
-65374
-72a29 (base 11) to base 13
-3956b
543ed1 (base 15) to base 2
1111010011101100101110
341025 (base 9) to base 5
23013033
What is 6018143 (base 9) in base 2?
1100001101100010000111
Convert 47349 (base 11) to base 5.
4141142
Convert 10010100010010011100 (base 2) to base 4.
2110102130
What is 226957 (base 12) in base 10?
550867
What is 2356249 (base 12) in base 2?
11010000100001011011001
What is 121335420 (base 6) in base 5?
1043031341
What is -aa882 (base 12) in base 15?
-46de5
-1455399 (base 11) to base 4
-21201121200
What is -1443323 (base 5) in base 4?
-13211300
Convert b4a3e (base 16) to base 5.
142134102
Convert 210a79 (base 15) to base 14.
2ccb11
What is 61051 (base 10) in base 2?
1110111001111011
100011010001110100100 (base 2) to base 14
2213da
Convert -f411 (base 16) to base 11.
-42a41
-2022201000021 (base 3) to base 13
-3429ca
What is -456d9d (base 14) in base 15?
-31a01c
7557341 (base 8) to base 9
3723200
Convert 1110011010111111001001 (base 2) to base 6.
213010321
Convert -3a05157 (base 12) to base 3.
-210112222110211
-20112021110100 (base 3) to base 7
-41330403
Convert 1554121101 (base 6) to base 10.
20072701
-101001110011010011 (base 2) to base 7
-1312116
Convert -101010101010000010110 (base 2) to base 9.
-2560351
-6bbc4b (base 14) to base 5
-1420311443
What is -1010010001101111011 (base 2) in base 14?
-8aa27
-200022131 (base 4) to base 12
-642a5
Convert -93a10 (base 16) to base 3.
-1010201110212
What is 2230004 (base 7) in base 3?
112000202122
-3bbd69 (base 14) to base 3
-10220002221221
31515525 (base 6) to base 8
3424255
45674310 (base 8) to base 14
1465932
What is -936755 (base 11) in base 3?
-2211022201211
Convert -100212100201 (base 3) to base 13.
-6a4c8
Convert -11b2b4 (base 12) to base 15.
-5a96a
5143403 (base 7) to base 15
c273e
What is 142327 (base 15) in base 14?
1b3385
Convert ab859 (base 15) to base 6.
15404203
-239ad9 (base 14) to base 2
-100101001010011001111
What is 12793a (base 12) in base 11?
19822a
Convert -54565173 (base 8) to base 13.
-2577037
Convert 15c712 (base 14) to base 3.
1102211022110
Convert 10200202111120 (base 3) to base 10.
1963563
What is -a2a1a3 (base 14) in base 11?
-3105390
What is 101001100001000111 (base 2) in base 6?
3351143
200002001102112 (base 3) to base 8
44512310
-17515666 (base 8) to base 12
-145a586
185187 (base 13) to base 8
2251346
Convert -2831c (base 15) to base 13.
-46905
What is -304cb88 (base 13) in base 8?
-67620436
Convert 14044340 (base 5) to base 4.
203011220
4bb12 (base 12) to base 9
167035
What is -16a536 (base 15) in base 8?
-4140503
Convert -2333010 (base 5) to base 8.
-123600
What is 82829 (base 10) in base 13?
2b916
15556a (base 12) to base 4
1120113202
What is -16268500 (base 9) in base 15?
-aaa6e6
What is 101000111000011101100111 (base 2) in base 4?
220320131213
What is -8d2bb (base 14) in base 16?
-53e05
Convert 81a141 (base 12) to base 7.
23150026
What is 842941 (base 11) in base 7?
14324046
What is -33233222220 (base 4) in base 2?
-1111101111101010101000
Convert 43296 (base 10) to base 6.
532240
-131622 (base 7) to base 13
-b2c2
2e807a (base 15) to base 2
1000100110011100010111
Convert 138b15 (base 12) to base 2.
1001111101101000001
Convert -11100100001110100101 (base 2) to base 10.
-934821
11001111011000110 (base 2) to base 12
51546
11011100010101101 (base 2) to base 11
77838
What is -210000111 (base 4) in base 10?
-147477
What is 127026 (base 9) in base 10?
77298
What is 3761945 (base 10) in base 12?
1315075
-857031 (base 9) to base 3
-221221001001
What is -42312541 (base 6) in base 5?
-304111232
What is -1111110243 (base 5) in base 8?
-11240153
What is -224566145 (base 7) in base 5?
-12004412430
What is 4664770 (base 10) in base 15?
62224a
16537667 (base 9) to base 3
120121021202021
What is -10463214 (base 9) in base 11?
-2947362
Convert 736ee (base 15) to base 4.
1121113322
What is -110101010100011100100001 (base 2) in base 11?
-7987457
What is -32350551 (base 7) in base 4?
-22203323322
-3477884 (base 11) to base 5
-3023244001
Convert -2567652 (base 9) to base 10.
-1403129
-2601744 (base 9) to base 15
-1d0477
-11144431000 (base 5) to base 15
-116d585
-24430 (base 6) to base 13
-1854
-12a2a (base 11) to base 2
-100100001110001
Convert -170658 (base 10) to base 13.
-5c8a7
b22a2 (base 16) to base 12
2b2396
What is 11442800 (base 9) in base 3?
101111102220000
3711378 (base 9) to base 13
55738a
1d788 (base 15) to base 13
34a33
Convert 34340 (base 13) to base 5.
11020110
Convert 1002231311 (base 4) to base 12.
112185
Convert -10110022101120 (base 3) to base 8.
-7003134
-209243 (base 10) to base 6
-4252415
What is 11020202211 (base 3) in base 8?
243324
Convert d0831a (base 14) to base 5.
3243424101
20022220002211 (base 3) to base 12
11626aa
What is -1000001010011100101011 (base 2) in base 11?
-1231857
-3e3d (base 16) to base 9
-23763
What is -434e8a (base 15) in base 7?
-36152251
100000011010110000 (base 2) to base 11
90843
178895 (base 10) to base 11
112452
Co